[INFO] fetching crate greenhook 0.0.4...
[INFO] checking greenhook-0.0.4 against master#9610dfe5a9a731ced1ea4923ecbd0c57fe367898 for beta-170-4
[INFO] extracting crate greenhook 0.0.4 into /workspace/builds/worker-7-tc1/source
[INFO] validating manifest of crates.io crate greenhook 0.0.4 on toolchain 9610dfe5a9a731ced1ea4923ecbd0c57fe367898
[INFO] running `Command { std: CARGO_HOME="/workspace/cargo-home" RUSTUP_HOME="/workspace/rustup-home" "/workspace/cargo-home/bin/cargo" "+9610dfe5a9a731ced1ea4923ecbd0c57fe367898" "metadata" "--manifest-path" "Cargo.toml" "--no-deps", kill_on_drop: false }`
[INFO] started tweaking crates.io crate greenhook 0.0.4
[INFO] finished tweaking crates.io crate greenhook 0.0.4
[INFO] tweaked toml for crates.io crate greenhook 0.0.4 written to /workspace/builds/worker-7-tc1/source/Cargo.toml
[INFO] crate crates.io crate greenhook 0.0.4 already has a lockfile, it will not be regenerated
[INFO] running `Command { std: CARGO_HOME="/workspace/cargo-home" RUSTUP_HOME="/workspace/rustup-home" "/workspace/cargo-home/bin/cargo" "+9610dfe5a9a731ced1ea4923ecbd0c57fe367898" "fetch" "--manifest-path" "Cargo.toml", kill_on_drop: false }`
[INFO] [stderr]     Updating crates.io index
[INFO] [stderr]  Downloading crates ...
[INFO] [stderr]   Downloaded libseccomp-sys v0.2.1
[INFO] [stderr]   Downloaded libseccomp v0.3.0
[INFO] [stderr]   Downloaded procfs v0.15.1
[INFO] [stderr]   Downloaded rustix v0.36.14
[INFO] running `Command { std: "docker" "create" "-v" "/var/lib/crater-agent-workspace/builds/worker-7-tc1/target:/opt/rustwide/target:rw,Z" "-v" "/var/lib/crater-agent-workspace/builds/worker-7-tc1/source:/opt/rustwide/workdir:ro,Z" "-v" "/var/lib/crater-agent-workspace/cargo-home:/opt/rustwide/cargo-home:ro,Z" "-v" "/var/lib/crater-agent-workspace/rustup-home:/opt/rustwide/rustup-home:ro,Z" "-e" "SOURCE_DIR=/opt/rustwide/workdir" "-e" "CARGO_TARGET_DIR=/opt/rustwide/target" "-e" "CARGO_HOME=/opt/rustwide/cargo-home" "-e" "RUSTUP_HOME=/opt/rustwide/rustup-home" "-w" "/opt/rustwide/workdir" "-m" "1610612736" "--user" "0:0" "--network" "none" "ghcr.io/rust-lang/crates-build-env/linux@sha256:19e73879b68f455e41552ea35293514db52ea292d993f571636dbffedb77a1ee" "/opt/rustwide/cargo-home/bin/cargo" "+9610dfe5a9a731ced1ea4923ecbd0c57fe367898" "metadata" "--no-deps" "--format-version=1", kill_on_drop: false }`
[INFO] [stdout] 19a827096724c360d376d2c115809a4e3d77faefda81d24fcf057ae9f1ae156e
[INFO] running `Command { std: "docker" "start" "-a" "19a827096724c360d376d2c115809a4e3d77faefda81d24fcf057ae9f1ae156e", kill_on_drop: false }`
[INFO] running `Command { std: "docker" "inspect" "19a827096724c360d376d2c115809a4e3d77faefda81d24fcf057ae9f1ae156e", kill_on_drop: false }`
[INFO] running `Command { std: "docker" "rm" "-f" "19a827096724c360d376d2c115809a4e3d77faefda81d24fcf057ae9f1ae156e", kill_on_drop: false }`
[INFO] [stdout] 19a827096724c360d376d2c115809a4e3d77faefda81d24fcf057ae9f1ae156e
[INFO] running `Command { std: "docker" "create" "-v" "/var/lib/crater-agent-workspace/builds/worker-7-tc1/target:/opt/rustwide/target:rw,Z" "-v" "/var/lib/crater-agent-workspace/builds/worker-7-tc1/source:/opt/rustwide/workdir:ro,Z" "-v" "/var/lib/crater-agent-workspace/cargo-home:/opt/rustwide/cargo-home:ro,Z" "-v" "/var/lib/crater-agent-workspace/rustup-home:/opt/rustwide/rustup-home:ro,Z" "-e" "SOURCE_DIR=/opt/rustwide/workdir" "-e" "CARGO_TARGET_DIR=/opt/rustwide/target" "-e" "CARGO_INCREMENTAL=0" "-e" "RUST_BACKTRACE=full" "-e" "RUSTFLAGS=--cap-lints=forbid" "-e" "RUSTDOCFLAGS=--cap-lints=forbid" "-e" "CARGO_HOME=/opt/rustwide/cargo-home" "-e" "RUSTUP_HOME=/opt/rustwide/rustup-home" "-w" "/opt/rustwide/workdir" "-m" "1610612736" "--user" "0:0" "--network" "none" "ghcr.io/rust-lang/crates-build-env/linux@sha256:19e73879b68f455e41552ea35293514db52ea292d993f571636dbffedb77a1ee" "/opt/rustwide/cargo-home/bin/cargo" "+9610dfe5a9a731ced1ea4923ecbd0c57fe367898" "check" "--frozen" "--all" "--all-targets" "--message-format=json", kill_on_drop: false }`
[INFO] [stdout] dacd10698c05c34797f0df9a5827e61d3f2413fc157a5f0d0803bfffd4a240bc
[INFO] running `Command { std: "docker" "start" "-a" "dacd10698c05c34797f0df9a5827e61d3f2413fc157a5f0d0803bfffd4a240bc", kill_on_drop: false }`
[INFO] [stderr]    Compiling libc v0.2.144
[INFO] [stderr]    Compiling io-lifetimes v1.0.11
[INFO] [stderr]    Compiling libseccomp-sys v0.2.1
[INFO] [stderr]    Compiling memoffset v0.7.1
[INFO] [stderr]    Compiling rustix v0.36.14
[INFO] [stderr]    Compiling libseccomp v0.3.0
[INFO] [stderr]    Compiling procfs v0.15.1
[INFO] [stderr]    Compiling syn v1.0.109
[INFO] [stderr]     Checking aho-corasick v1.0.1
[INFO] [stderr]     Checking regex-syntax v0.7.2
[INFO] [stderr]     Checking byteorder v1.4.3
[INFO] [stderr]     Checking hex v0.4.3
[INFO] [stderr]     Checking static_assertions v1.1.0
[INFO] [stderr]     Checking quick-error v1.2.3
[INFO] [stderr]     Checking humantime v2.1.0
[INFO] [stderr]     Checking resolv-conf v0.7.0
[INFO] [stderr]     Checking regex v1.8.3
[INFO] [stderr]     Checking num_cpus v1.15.0
[INFO] [stderr]     Checking nix v0.26.2
[INFO] [stderr]     Checking atty v0.2.14
[INFO] [stderr]     Checking threadpool v1.8.1
[INFO] [stderr]     Checking env_logger v0.9.3
[INFO] [stderr]    Compiling test-log v0.2.11
[INFO] [stderr]     Checking greenhook v0.0.4 (/opt/rustwide/workdir)
[INFO] [stdout] error[E0432]: unresolved imports `libseccomp::ScmpNotifReq`, `libseccomp::ScmpNotifRespFlags`
[INFO] [stdout]   --> src/lib.rs:12:49
[INFO] [stdout]    |
[INFO] [stdout] 12 | use libseccomp::{ScmpAction, ScmpFilterContext, ScmpNotifReq, ScmpNotifRespFlags, ScmpSyscall};
[INFO] [stdout]    |                                                 ^^^^^^^^^^^^  ^^^^^^^^^^^^^^^^^^ no `ScmpNotifRespFlags` in the root
[INFO] [stdout]    |                                                 |
[INFO] [stdout]    |                                                 no `ScmpNotifReq` in the root
[INFO] [stdout] 
[INFO] [stdout] 
[INFO] [stdout] error[E0433]: failed to resolve: could not find `ScmpNotifResp` in `libseccomp`
[INFO] [stdout]    --> src/lib.rs:179:21
[INFO] [stdout]     |
[INFO] [stdout] 179 |         libseccomp::ScmpNotifResp::new(self.request.id, 0, 0, ScmpNotifRespFlags::CONTINUE.bits())
[INFO] [stdout]     |                     ^^^^^^^^^^^^^ could not find `ScmpNotifResp` in `libseccomp`
[INFO] [stdout] 
[INFO] [stdout] 
[INFO] [stdout] error[E0433]: failed to resolve: could not find `ScmpNotifResp` in `libseccomp`
[INFO] [stdout]    --> src/lib.rs:186:21
[INFO] [stdout]     |
[INFO] [stdout] 186 |         libseccomp::ScmpNotifResp::new(self.request.id, 0, -err, 0)
[INFO] [stdout]     |                     ^^^^^^^^^^^^^ could not find `ScmpNotifResp` in `libseccomp`
[INFO] [stdout] 
[INFO] [stdout] 
[INFO] [stdout] error[E0433]: failed to resolve: could not find `ScmpNotifResp` in `libseccomp`
[INFO] [stdout]    --> src/lib.rs:191:21
[INFO] [stdout]     |
[INFO] [stdout] 191 |         libseccomp::ScmpNotifResp::new(self.request.id, val, 0, 0)
[INFO] [stdout]     |                     ^^^^^^^^^^^^^ could not find `ScmpNotifResp` in `libseccomp`
[INFO] [stdout] 
[INFO] [stdout] 
[INFO] [stdout] error[E0432]: unresolved imports `libseccomp::ScmpNotifReq`, `libseccomp::ScmpNotifRespFlags`
[INFO] [stdout]   --> src/lib.rs:12:49
[INFO] [stdout]    |
[INFO] [stdout] 12 | use libseccomp::{ScmpAction, ScmpFilterContext, ScmpNotifReq, ScmpNotifRespFlags, ScmpSyscall};
[INFO] [stdout]    |                                                 ^^^^^^^^^^^^  ^^^^^^^^^^^^^^^^^^ no `ScmpNotifRespFlags` in the root
[INFO] [stdout]    |                                                 |
[INFO] [stdout]    |                                                 no `ScmpNotifReq` in the root
[INFO] [stdout] 
[INFO] [stdout] 
[INFO] [stdout] error[E0412]: cannot find type `ScmpNotifReq` in crate `libseccomp`
[INFO] [stdout]    --> src/lib.rs:157:26
[INFO] [stdout]     |
[INFO] [stdout] 157 |     request: libseccomp::ScmpNotifReq,
[INFO] [stdout]     |                          ^^^^^^^^^^^^ not found in `libseccomp`
[INFO] [stdout] 
[INFO] [stdout] 
[INFO] [stdout] error[E0412]: cannot find type `ScmpNotifReq` in crate `libseccomp`
[INFO] [stdout]    --> src/lib.rs:162:33
[INFO] [stdout]     |
[INFO] [stdout] 162 |     fn new(request: libseccomp::ScmpNotifReq, notify_fd: RawFd) -> Self {
[INFO] [stdout]     |                                 ^^^^^^^^^^^^ not found in `libseccomp`
[INFO] [stdout] 
[INFO] [stdout] 
[INFO] [stdout] error[E0412]: cannot find type `ScmpNotifReq` in crate `libseccomp`
[INFO] [stdout]    --> src/lib.rs:168:47
[INFO] [stdout]     |
[INFO] [stdout] 168 |     pub fn get_request(&self) -> &libseccomp::ScmpNotifReq {
[INFO] [stdout]     |                                               ^^^^^^^^^^^^ not found in `libseccomp`
[INFO] [stdout] 
[INFO] [stdout] 
[INFO] [stdout] error[E0412]: cannot find type `ScmpNotifResp` in crate `libseccomp`
[INFO] [stdout]    --> src/lib.rs:178:58
[INFO] [stdout]     |
[INFO] [stdout] 178 |     pub unsafe fn continue_syscall(&self) -> libseccomp::ScmpNotifResp {
[INFO] [stdout]     |                                                          ^^^^^^^^^^^^^ not found in `libseccomp`
[INFO] [stdout] 
[INFO] [stdout] 
[INFO] [stdout] error[E0412]: cannot find type `ScmpNotifResp` in crate `libseccomp`
[INFO] [stdout]    --> src/lib.rs:184:57
[INFO] [stdout]     |
[INFO] [stdout] 184 |     pub fn fail_syscall(&self, err: i32) -> libseccomp::ScmpNotifResp {
[INFO] [stdout]     |                                                         ^^^^^^^^^^^^^ not found in `libseccomp`
[INFO] [stdout] 
[INFO] [stdout] 
[INFO] [stdout] error[E0412]: cannot find type `ScmpNotifResp` in crate `libseccomp`
[INFO] [stdout]    --> src/lib.rs:190:59
[INFO] [stdout]     |
[INFO] [stdout] 190 |     pub fn return_syscall(&self, val: i64) -> libseccomp::ScmpNotifResp {
[INFO] [stdout]     |                                                           ^^^^^^^^^^^^^ not found in `libseccomp`
[INFO] [stdout] 
[INFO] [stdout] 
[INFO] [stdout] error[E0425]: cannot find function `notify_id_valid` in crate `libseccomp`
[INFO] [stdout]    --> src/lib.rs:197:21
[INFO] [stdout]     |
[INFO] [stdout] 197 |         libseccomp::notify_id_valid(self.notify_fd, self.request.id).is_ok()
[INFO] [stdout]     |                     ^^^^^^^^^^^^^^^ not found in `libseccomp`
[INFO] [stdout] 
[INFO] [stdout] 
[INFO] [stdout] error[E0412]: cannot find type `ScmpNotifResp` in crate `libseccomp`
[INFO] [stdout]    --> src/lib.rs:307:69
[INFO] [stdout]     |
[INFO] [stdout] 307 | type UserHookFunc = Box<dyn Fn(&UNotifyEventRequest) -> libseccomp::ScmpNotifResp + Send + Sync>;
[INFO] [stdout]     |                                                                     ^^^^^^^^^^^^^ not found in `libseccomp`
[INFO] [stdout] 
[INFO] [stdout] 
[INFO] [stdout] error[E0412]: cannot find type `ScmpNotifResp` in crate `libseccomp`
[INFO] [stdout]    --> src/lib.rs:409:63
[INFO] [stdout]     |
[INFO] [stdout] 409 |         handler: impl Fn(&UNotifyEventRequest) -> libseccomp::ScmpNotifResp + Send + Sync + 'static,
[INFO] [stdout]     |                                                               ^^^^^^^^^^^^^ not found in `libseccomp`
[INFO] [stdout] 
[INFO] [stdout] 
[INFO] [stdout] error[E0433]: failed to resolve: could not find `ScmpNotifResp` in `libseccomp`
[INFO] [stdout]    --> src/lib.rs:179:21
[INFO] [stdout]     |
[INFO] [stdout] 179 |         libseccomp::ScmpNotifResp::new(self.request.id, 0, 0, ScmpNotifRespFlags::CONTINUE.bits())
[INFO] [stdout]     |                     ^^^^^^^^^^^^^ could not find `ScmpNotifResp` in `libseccomp`
[INFO] [stdout] 
[INFO] [stdout] 
[INFO] [stdout] error[E0433]: failed to resolve: could not find `ScmpNotifResp` in `libseccomp`
[INFO] [stdout]    --> src/lib.rs:186:21
[INFO] [stdout]     |
[INFO] [stdout] 186 |         libseccomp::ScmpNotifResp::new(self.request.id, 0, -err, 0)
[INFO] [stdout]     |                     ^^^^^^^^^^^^^ could not find `ScmpNotifResp` in `libseccomp`
[INFO] [stdout] 
[INFO] [stdout] 
[INFO] [stdout] error[E0433]: failed to resolve: could not find `ScmpNotifResp` in `libseccomp`
[INFO] [stdout]    --> src/lib.rs:191:21
[INFO] [stdout]     |
[INFO] [stdout] 191 |         libseccomp::ScmpNotifResp::new(self.request.id, val, 0, 0)
[INFO] [stdout]     |                     ^^^^^^^^^^^^^ could not find `ScmpNotifResp` in `libseccomp`
[INFO] [stdout] 
[INFO] [stdout] 
[INFO] [stdout] error[E0412]: cannot find type `ScmpNotifReq` in crate `libseccomp`
[INFO] [stdout]    --> src/lib.rs:157:26
[INFO] [stdout]     |
[INFO] [stdout] 157 |     request: libseccomp::ScmpNotifReq,
[INFO] [stdout]     |                          ^^^^^^^^^^^^ not found in `libseccomp`
[INFO] [stdout] 
[INFO] [stdout] 
[INFO] [stdout] error[E0412]: cannot find type `ScmpNotifReq` in crate `libseccomp`
[INFO] [stdout]    --> src/lib.rs:162:33
[INFO] [stdout]     |
[INFO] [stdout] 162 |     fn new(request: libseccomp::ScmpNotifReq, notify_fd: RawFd) -> Self {
[INFO] [stdout]     |                                 ^^^^^^^^^^^^ not found in `libseccomp`
[INFO] [stdout] 
[INFO] [stdout] 
[INFO] [stdout] error[E0412]: cannot find type `ScmpNotifReq` in crate `libseccomp`
[INFO] [stdout]    --> src/lib.rs:168:47
[INFO] [stdout]     |
[INFO] [stdout] 168 |     pub fn get_request(&self) -> &libseccomp::ScmpNotifReq {
[INFO] [stdout]     |                                               ^^^^^^^^^^^^ not found in `libseccomp`
[INFO] [stdout] 
[INFO] [stdout] 
[INFO] [stdout] error[E0412]: cannot find type `ScmpNotifResp` in crate `libseccomp`
[INFO] [stdout]    --> src/lib.rs:178:58
[INFO] [stdout]     |
[INFO] [stdout] 178 |     pub unsafe fn continue_syscall(&self) -> libseccomp::ScmpNotifResp {
[INFO] [stdout]     |                                                          ^^^^^^^^^^^^^ not found in `libseccomp`
[INFO] [stdout] 
[INFO] [stdout] 
[INFO] [stdout] error[E0412]: cannot find type `ScmpNotifResp` in crate `libseccomp`
[INFO] [stdout]    --> src/lib.rs:184:57
[INFO] [stdout]     |
[INFO] [stdout] 184 |     pub fn fail_syscall(&self, err: i32) -> libseccomp::ScmpNotifResp {
[INFO] [stdout]     |                                                         ^^^^^^^^^^^^^ not found in `libseccomp`
[INFO] [stdout] 
[INFO] [stdout] 
[INFO] [stdout] error[E0412]: cannot find type `ScmpNotifResp` in crate `libseccomp`
[INFO] [stdout]    --> src/lib.rs:190:59
[INFO] [stdout]     |
[INFO] [stdout] 190 |     pub fn return_syscall(&self, val: i64) -> libseccomp::ScmpNotifResp {
[INFO] [stdout]     |                                                           ^^^^^^^^^^^^^ not found in `libseccomp`
[INFO] [stdout] 
[INFO] [stdout] 
[INFO] [stdout] error[E0425]: cannot find function `notify_id_valid` in crate `libseccomp`
[INFO] [stdout]    --> src/lib.rs:197:21
[INFO] [stdout]     |
[INFO] [stdout] 197 |         libseccomp::notify_id_valid(self.notify_fd, self.request.id).is_ok()
[INFO] [stdout]     |                     ^^^^^^^^^^^^^^^ not found in `libseccomp`
[INFO] [stdout] 
[INFO] [stdout] 
[INFO] [stdout] error[E0412]: cannot find type `ScmpNotifResp` in crate `libseccomp`
[INFO] [stdout]    --> src/lib.rs:307:69
[INFO] [stdout]     |
[INFO] [stdout] 307 | type UserHookFunc = Box<dyn Fn(&UNotifyEventRequest) -> libseccomp::ScmpNotifResp + Send + Sync>;
[INFO] [stdout]     |                                                                     ^^^^^^^^^^^^^ not found in `libseccomp`
[INFO] [stdout] 
[INFO] [stdout] 
[INFO] [stdout] error[E0412]: cannot find type `ScmpNotifResp` in crate `libseccomp`
[INFO] [stdout]    --> src/lib.rs:409:63
[INFO] [stdout]     |
[INFO] [stdout] 409 |         handler: impl Fn(&UNotifyEventRequest) -> libseccomp::ScmpNotifResp + Send + Sync + 'static,
[INFO] [stdout]     |                                                               ^^^^^^^^^^^^^ not found in `libseccomp`
[INFO] [stdout] 
[INFO] [stdout] 
[INFO] [stdout] error[E0412]: cannot find type `ScmpNotifResp` in crate `libseccomp`
[INFO] [stdout]    --> src/lib.rs:570:69
[INFO] [stdout]     |
[INFO] [stdout] 570 |         fn openat_handler(req: &UNotifyEventRequest) -> libseccomp::ScmpNotifResp {
[INFO] [stdout]     |                                                                     ^^^^^^^^^^^^^ not found in `libseccomp`
[INFO] [stdout] 
[INFO] [stdout] 
[INFO] [stdout] error[E0412]: cannot find type `ScmpNotifResp` in crate `libseccomp`
[INFO] [stdout]    --> src/lib.rs:595:70
[INFO] [stdout]     |
[INFO] [stdout] 595 |         fn geteuid_handler(req: &UNotifyEventRequest) -> libseccomp::ScmpNotifResp {
[INFO] [stdout]     |                                                                      ^^^^^^^^^^^^^ not found in `libseccomp`
[INFO] [stdout] 
[INFO] [stdout] 
[INFO] [stdout] error[E0412]: cannot find type `ScmpNotifResp` in crate `libseccomp`
[INFO] [stdout]    --> src/lib.rs:614:78
[INFO] [stdout]     |
[INFO] [stdout] 614 |         fn clock_nanosleep_handler(req: &UNotifyEventRequest) -> libseccomp::ScmpNotifResp {
[INFO] [stdout]     |                                                                              ^^^^^^^^^^^^^ not found in `libseccomp`
[INFO] [stdout] 
[INFO] [stdout] 
[INFO] [stdout] error[E0412]: cannot find type `ScmpNotifResp` in crate `libseccomp`
[INFO] [stdout]    --> src/lib.rs:657:69
[INFO] [stdout]     |
[INFO] [stdout] 657 |         fn openat_handler(req: &UNotifyEventRequest) -> libseccomp::ScmpNotifResp {
[INFO] [stdout]     |                                                                     ^^^^^^^^^^^^^ not found in `libseccomp`
[INFO] [stdout] 
[INFO] [stdout] 
[INFO] [stdout] error[E0599]: no method named `get_notify_fd` found for struct `ScmpFilterContext` in the current scope
[INFO] [stdout]    --> src/lib.rs:450:31
[INFO] [stdout]     |
[INFO] [stdout] 450 |                 let ufd = ctx.get_notify_fd().map_err(|e| {
[INFO] [stdout]     |                               ^^^^^^^^^^^^^ method not found in `ScmpFilterContext`
[INFO] [stdout] 
[INFO] [stdout] 
[INFO] [stdout] error: aborting due to 14 previous errors
[INFO] [stdout] 
[INFO] [stdout] 
[INFO] [stdout] Some errors have detailed explanations: E0412, E0425, E0432, E0433, E0599.
[INFO] [stdout] 
[INFO] [stdout] For more information about an error, try `rustc --explain E0412`.
[INFO] [stdout] 
[INFO] [stdout] error[E0599]: no method named `get_notify_fd` found for struct `ScmpFilterContext` in the current scope
[INFO] [stdout]    --> src/lib.rs:450:31
[INFO] [stdout]     |
[INFO] [stdout] 450 |                 let ufd = ctx.get_notify_fd().map_err(|e| {
[INFO] [stdout]     |                               ^^^^^^^^^^^^^ method not found in `ScmpFilterContext`
[INFO] [stdout] 
[INFO] [stdout] 
[INFO] [stderr] error: could not compile `greenhook` (lib) due to 15 previous errors
[INFO] [stderr] warning: build failed, waiting for other jobs to finish...
[INFO] [stdout] error: aborting due to 18 previous errors
[INFO] [stdout] 
[INFO] [stdout] 
[INFO] [stdout] Some errors have detailed explanations: E0412, E0425, E0432, E0433, E0599.
[INFO] [stdout] 
[INFO] [stdout] For more information about an error, try `rustc --explain E0412`.
[INFO] [stdout] 
[INFO] [stderr] error: could not compile `greenhook` (lib test) due to 19 previous errors
[INFO] running `Command { std: "docker" "inspect" "dacd10698c05c34797f0df9a5827e61d3f2413fc157a5f0d0803bfffd4a240bc", kill_on_drop: false }`
[INFO] running `Command { std: "docker" "rm" "-f" "dacd10698c05c34797f0df9a5827e61d3f2413fc157a5f0d0803bfffd4a240bc", kill_on_drop: false }`
[INFO] [stdout] dacd10698c05c34797f0df9a5827e61d3f2413fc157a5f0d0803bfffd4a240bc
